hest common factor of 7 and 126.
7
What is the greatest common factor of 1281 and 21?
21
What is the highest common factor of 442 and 306?
34
What is the greatest common divisor of 2349 and 87?
87
Calculate the greatest common factor of 884 and 17.
17
What is the highest common factor of 1071 and 126?
63
What is the highest common factor of 640 and 80?
80
What is the greatest common factor of 21 and 6167?
7
Calculate the greatest common divisor of 42 and 106.
2
Calculate the highest common factor of 2210 and 195.
65
Calculate the highest common divisor of 36 and 4950.
18
What is the highest common divisor of 11473 and 385?
77
Calculate the greatest common divisor of 1400 and 21.
7
What is the greatest common factor of 378 and 651?
21
Calculate the greatest common divisor of 279 and 93.
93
Calculate the greatest common divisor of 861 and 42.
21
Calculate the greatest common divisor of 1166 and 2438.
106
What is the highest common divisor of 2343 and 213?
213
Calculate the highest common factor of 2 and 15.
1
What is the greatest common factor of 344 and 43?
43
Calculate the greatest common factor of 74 and 4736.
74
What is the highest common factor of 3484 and 312?
52
What is the greatest common factor of 272 and 24?
8
What is the highest common divisor of 578 and 10?
2
What is the greatest common divisor of 2752 and 43?
43
Calculate the greatest common factor of 73 and 1387.
73
Calculate the greatest common factor of 182 and 130.
26
Calculate the highest common factor of 16 and 6048.
16
What is the highest common divisor of 4312 and 693?
77
What is the greatest common divisor of 577 and 4?
1
Calculate the greatest common factor of 128 and 72.
8
What is the greatest common factor of 175 and 35?
35
What is the greatest common divisor of 1040 and 70?
10
What is the highest common divisor of 1159 and 671?
61
What is the greatest common divisor of 56 and 364?
28
What is the highest common divisor of 17 and 697?
17
What is the greatest common divisor of 6 and 6234?
6
What is the highest common divisor of 2751 and 42?
21
Calculate the highest common divisor of 98 and 1540.
14
What is the highest common divisor of 36 and 35406?
18
Calculate the highest common factor of 116 and 174.
58
Calculate the highest common divisor of 6867 and 654.
327
Calculate the highest common divisor of 13805 and 165.
55
Calculate the greatest common factor of 330 and 264.
66
What is the highest common divisor of 2 and 41?
1
Calculate the greatest common factor of 108 and 315.
9
What is the greatest common factor of 42 and 376?
2
Calculate the greatest common factor of 528 and 660.
132
What is the highest common factor of 560 and 105?
35
What is the highest common factor of 18 and 4434?
6
What is the greatest common factor of 605 and 5?
5
Calculate the greatest common divisor of 280 and 4970.
70
Calculate the highest common factor of 13 and 377.
13
What is the highest common factor of 7986 and 15?
3
Calculate the greatest common factor of 418 and 176.
22
What is the highest common divisor of 128 and 800?
32
What is the highest common divisor of 2960 and 16?
16
Calculate the greatest common factor of 4 and 698.
2
What is the highest common divisor of 40 and 205?
5
What is the highest common factor of 33 and 77?
11
Calculate the highest common factor of 650 and 10.
10
Calculate the greatest common divisor of 1177 and 107.
107
Calculate the highest common divisor of 90 and 144.
18
Calculate the greatest common divisor of 55 and 33.
11
What is the greatest common divisor of 1921 and 68?
17
Calculate the greatest common divisor of 165 and 33.
33
What is the highest common factor of 105 and 30?
15
What is the greatest common factor of 6080 and 95?
95
Calculate the highest common factor of 567 and 14.
7
Calculate the greatest common divisor of 90 and 2340.
90
What is the highest common factor of 135 and 60?
15
What is the highest common divisor of 539 and 77?
77
Calculate the highest common factor of 24 and 36.
12
Calculate the greatest common divisor of 3 and 267.
3
What is the greatest common divisor of 16212 and 105?
21
Calculate the greatest common divisor of 171 and 2793.
57
Calculate the greatest common factor of 6 and 223.
1
Calculate the greatest common factor of 200 and 32.
8
Calculate the greatest common divisor of 13 and 2353.
13
Calculate the highest common divisor of 20 and 212.
4
Calculate the greatest common divisor of 54 and 1998.
54
Calculate the greatest common factor of 1792 and 308.
28
Calculate the greatest common divisor of 4025 and 35.
35
Calculate the greatest common divisor of 75 and 50.
25
What is the greatest common divisor of 14 and 707?
7
What is the highest common divisor of 18 and 783?
9
Calculate the greatest common divisor of 14 and 3.
1
What is the greatest common divisor of 65888 and 71?
71
What is the highest common divisor of 70 and 90?
10
What is the highest common factor of 120 and 180?
60
What is the greatest common divisor of 112 and 512?
16
What is the greatest common factor of 224 and 5488?
112
What is the highest common factor of 19 and 418?
19
Calculate the highest common divisor of 80 and 1280.
80
What is the highest common factor of 1480 and 80?
40
What is the highest common divisor of 3332 and 91?
7
What is the greatest common factor of 12 and 279?
3
What is the highest common factor of 60 and 960?
60
Calculate the greatest common factor of 2317 and 7.
7
What is the greatest common divisor of 544 and 16048?
272
Calculate the greatest common factor of 754 and 26.
26
What is the highest common divisor of 13 and 29?
1
What is the greatest common divisor of 11417 and 49?
49
Calculate the greatest common factor of 2 and 414.
2
What is the greatest common factor of 11 and 11429?
11
Calculate the greatest common divisor of 156 and 117.
39
What is the greatest common divisor of 132 and 192?
12
What is the greatest common divisor of 275 and 220?
55
What is the highest common divisor of 245 and 161?
7
What is the highest common factor of 928 and 348?
116
Calculate the greatest common divisor of 83 and 747.
83
What is the greatest common divisor of 39 and 7059?
39
Calculate the greatest common factor of 21 and 15.
3
Calculate the highest common factor of 497 and 7.
7
Calculate the highest common factor of 66 and 561.
33
What is the highest common factor of 158 and 1027?
79
What is the highest common divisor of 1804 and 88?
44
What is the highest common divisor of 1449 and 92?
23
Calculate the highest common divisor of 78 and 182.
26
Calculate the highest common divisor of 180 and 1740.
60
What is the greatest common factor of 154 and 506?
22
What is the greatest common divisor of 150 and 40?
10
Calculate the highest common factor of 12 and 708.
12
What is the greatest common factor of 243 and 54?
27
What is the greatest common divisor of 108 and 348?
12
What is the highest common factor of 592 and 16?
16
Calculate the greatest common factor of 75 and 150.
75
Calculate the greatest common factor of 480 and 384.
96
What is the highest common divisor of 15 and 39?
3
What is the highest common divisor of 115548 and 12?
12
What is the highest common divisor of 2825 and 25?
25
What is the greatest common factor of 93 and 589?
31
Calculate the highest common divisor of 31968 and 16.
16
What is the greatest common divisor of 333 and 9213?
111
Calculate the highest common factor of 8981 and 35.
7
What is the highest common divisor of 117 and 91?
13
What is the greatest common divisor of 98 and 1127?
49
What is the greatest common factor of 992 and 31?
31
Calculate the highest common divisor of 45 and 15.
15
What is the greatest common factor of 49 and 882?
49
What is the greatest common divisor of 12573 and 198?
99
What is the greatest common factor of 356 and 801?
89
What is the greatest common divisor of 108 and 24?
12
What is the highest common factor of 252 and 1932?
84
What is the highest common divisor of 423 and 3243?
141
Calculate the greatest common divisor of 2600 and 312.
104
Calculate the greatest common factor of 1038 and 222.
6
What is the highest common divisor of 165 and 561?
33
Calculate the highest common factor of 33 and 759.
33
Calculate the highest common divisor of 1398 and 18.
6
Calculate the greatest common factor of 524 and